ivided by 109.
105
What is the remainder when 53 is divided by 42?
11
What is the remainder when 100 is divided by 81?
19
What is the remainder when 800 is divided by 133?
2
What is the remainder when 3696 is divided by 86?
84
What is the remainder when 249 is divided by 55?
29
What is the remainder when 125 is divided by 106?
19
What is the remainder when 728 is divided by 75?
53
What is the remainder when 243 is divided by 16?
3
What is the remainder when 324 is divided by 9?
0
What is the remainder when 1239 is divided by 17?
15
What is the remainder when 262 is divided by 52?
2
Calculate the remainder when 113 is divided by 33.
14
Calculate the remainder when 219 is divided by 20.
19
What is the remainder when 310 is divided by 16?
6
What is the remainder when 803 is divided by 26?
23
Calculate the remainder when 938 is divided by 304.
26
Calculate the remainder when 130 is divided by 69.
61
Calculate the remainder when 596 is divided by 96.
20
Calculate the remainder when 177 is divided by 45.
42
What is the remainder when 478 is divided by 123?
109
What is the remainder when 812 is divided by 810?
2
What is the remainder when 220 is divided by 81?
58
What is the remainder when 209 is divided by 40?
9
Calculate the remainder when 80 is divided by 28.
24
What is the remainder when 44 is divided by 8?
4
Calculate the remainder when 2165 is divided by 114.
113
What is the remainder when 1385 is divided by 73?
71
Calculate the remainder when 4770 is divided by 28.
10
What is the remainder when 8851 is divided by 233?
230
What is the remainder when 415 is divided by 10?
5
What is the remainder when 2664 is divided by 39?
12
What is the remainder when 502 is divided by 56?
54
Calculate the remainder when 284 is divided by 33.
20
What is the remainder when 376 is divided by 24?
16
What is the remainder when 817 is divided by 10?
7
Calculate the remainder when 208 is divided by 42.
40
Calculate the remainder when 1062 is divided by 335.
57
Calculate the remainder when 691 is divided by 116.
111
Calculate the remainder when 248 is divided by 66.
50
Calculate the remainder when 1608 is divided by 796.
16
Calculate the remainder when 417 is divided by 6.
3
What is the remainder when 4363 is divided by 26?
21
Calculate the remainder when 967 is divided by 44.
43
What is the remainder when 18741 is divided by 11?
8
What is the remainder when 215 is divided by 29?
12
Calculate the remainder when 812 is divided by 267.
11
What is the remainder when 2067 is divided by 2055?
12
Calculate the remainder when 2940 is divided by 134.
126
What is the remainder when 2041 is divided by 655?
76
Calculate the remainder when 153 is divided by 47.
12
Calculate the remainder when 1102 is divided by 14.
10
What is the remainder when 12158 is divided by 152?
150
Calculate the remainder when 20 is divided by 6.
2
What is the remainder when 21 is divided by 4?
1
What is the remainder when 261 is divided by 12?
9
Calculate the remainder when 1748 is divided by 437.
0
What is the remainder when 1935 is divided by 44?
43
What is the remainder when 449 is divided by 112?
1
Calculate the remainder when 3679 is divided by 3672.
7
What is the remainder when 717 is divided by 64?
13
What is the remainder when 1906 is divided by 49?
44
Calculate the remainder when 788 is divided by 259.
11
What is the remainder when 973 is divided by 69?
7
What is the remainder when 225 is divided by 2?
1
What is the remainder when 101 is divided by 63?
38
Calculate the remainder when 573 is divided by 556.
17
What is the remainder when 383 is divided by 32?
31
Calculate the remainder when 435 is divided by 222.
213
What is the remainder when 82 is divided by 79?
3
Calculate the remainder when 943 is divided by 9.
7
Calculate the remainder when 411 is divided by 52.
47
What is the remainder when 42 is divided by 41?
1
Calculate the remainder when 136 is divided by 43.
7
What is the remainder when 280 is divided by 75?
55
Calculate the remainder when 336 is divided by 164.
8
What is the remainder when 2514 is divided by 81?
3
Calculate the remainder when 447 is divided by 121.
84
Calculate the remainder when 2871 is divided by 1399.
73
Calculate the remainder when 711 is divided by 89.
88
What is the remainder when 63 is divided by 22?
19
Calculate the remainder when 90 is divided by 50.
40
Calculate the remainder when 1638 is divided by 164.
162
Calculate the remainder when 602 is divided by 64.
26
What is the remainder when 279 is divided by 28?
27
What is the remainder when 1105 is divided by 112?
97
What is the remainder when 738 is divided by 154?
122
Calculate the remainder when 47 is divided by 9.
2
What is the remainder when 792 is divided by 786?
6
What is the remainder when 300 is divided by 89?
33
What is the remainder when 75 is divided by 54?
21
What is the remainder when 561 is divided by 181?
18
Calculate the remainder when 958 is divided by 60.
58
What is the remainder when 623 is divided by 64?
47
Calculate the remainder when 107 is divided by 22.
19
What is the remainder when 314 is divided by 63?
62
Calculate the remainder when 185 is divided by 27.
23
What is the remainder when 12216 is divided by 21?
15
Calculate the remainder when 692 is divided by 25.
17
What is the remainder when 296 is divided by 33?
32
What is the remainder when 1200 is divided by 19?
3
Calculate the remainder when 291 is divided by 281.
10
What is the remainder when 4628 is divided by 5?
3
Calculate the remainder when 3994 is divided by 1322.
28
What is the remainder when 767 is divided by 14?
11
What is the remainder when 4132 is divided by 2059?
14
Calculate the remainder when 153 is divided by 41.
30
What is the remainder when 601 is divided by 41?
27
What is the remainder when 148 is divided by 10?
8
Calculate the remainder when 14908 is divided by 426.
424
What is the remainder when 61 is divided by 44?
17
What is the remainder when 3419 is divided by 118?
115
Calculate the remainder when 36 is divided by 8.
4
What is the remainder when 29 is divided by 19?
10
Calculate the remainder when 8269 is divided by 4125.
19
What is the remainder when 921 is divided by 84?
81
What is the remainder when 217 is divided by 43?
2
Calculate the remainder when 614 is divided by 292.
30
Calculate the remainder when 1882 is divided by 8.
2
Calculate the remainder when 504 is divided by 34.
28
What is the remainder when 213 is divided by 8?
5
Calculate the remainder when 599 is divided by 280.
39
What is the remainder when 1815 is divided by 878?
59
Calculate the remainder when 111 is divided by 8.
7
Calculate the remainder when 268 is divided by 35.
23
Calculate the remainder when 426 is divided by 39.
36
Calculate the remainder when 83 is divided by 13.
5
What is the remainder when 2330 is divided by 6?
2
What is the remainder when 931 is divided by 66?
7
What is the remainder when 2374 is divided by 99?
97
What is the remainder when 1423 is divided by 39?
19
What is the remainder when 125 is divided by 117?
8
What is the remainder when 942 is divided by 43?
39
What is the remainder when 157 is divided by 41?
34
Calculate the remainder when 51 is divided by 14.
9
Calculate the remainder when 3100 is divided by 33.
31
What is the remainder when 20541 is divided by 96?
93
Calculate the remainder when 92 is divided by 35.
22
Calculate the remainder when 219 is divided by 108.
3
Calculate the remainder when 250 is divided by 18.
16
Calculate the remainder when 289 is divided by 59.
53
Calculate the remainder when 421 is divided by 46.
7
Calculate the remainder when 2015 is divided by 28.
27
What is the remainder when 314 is divided by 44?
6
What is the remainder when 642 is divided by 46?
44
Calculate the remainder when 52 is divided by 16.
4
Calculate the remainder when 1291 is divided by 35.
31
What is the remainder when 405 is divided by 190?
25
Calculate the remainder when 898 is divided by 295.
13
Calculate the remainder when 98 is divided by 49.
0
Calculate the remainder when 5295 is divided by 212.
207
What is the remainder when 3471 is divided by 23?
21
What is the remainder when 36 is divided by 2?
0
Calculate the remainder when 129 is divided by 10.
9
Calculate the remainder when 102 is divided by 26.
24